{"id":148,"date":"2019-12-16T21:32:01","date_gmt":"2019-12-16T19:32:01","guid":{"rendered":"http:\/\/www.oulunsuunnuorisoseura.fi\/polokkarit\/?page_id=148"},"modified":"2021-01-09T18:25:23","modified_gmt":"2021-01-09T16:25:23","slug":"esiintymiset","status":"publish","type":"page","link":"https:\/\/www.oulunsuunnuorisoseura.fi\/polokkarit\/yleinen\/esiintymiset\/","title":{"rendered":"Esiintymiset"},"content":{"rendered":"\n<div class=\"wp-block-columns has-2-columns is-layout-flex wp-container-core-columns-is-layout-9d6595d7 wp-block-columns-is-layout-flex\">\n<div class=\"wp-block-column is-layout-flow wp-block-column-is-layout-flow\">\n<figure class=\"wp-block-image\"><img loading=\"lazy\" decoding=\"async\" width=\"1024\" height=\"682\" src=\"http:\/\/www.oulunsuunnuorisoseura.fi\/polokkarit\/wp-content\/uploads\/2019\/12\/Polokkarit_K6_027-1024x682.jpg\" alt=\"\" class=\"wp-image-142\" srcset=\"https:\/\/www.oulunsuunnuorisoseura.fi\/polokkarit\/wp-content\/uploads\/2019\/12\/Polokkarit_K6_027-1024x682.jpg 1024w, https:\/\/www.oulunsuunnuorisoseura.fi\/polokkarit\/wp-content\/uploads\/2019\/12\/Polokkarit_K6_027-300x200.jpg 300w, https:\/\/www.oulunsuunnuorisoseura.fi\/polokkarit\/wp-content\/uploads\/2019\/12\/Polokkarit_K6_027-768x511.jpg 768w\" sizes=\"auto, (max-width: 1024px) 100vw, 1024px\" \/><\/figure>\n<\/div>\n\n\n\n<div class=\"wp-block-column is-layout-flow wp-block-column-is-layout-flow\">\n<p><strong>ESIINTYMISET<\/strong><\/p>\n\n\n\n<p>Polokkarit on parhaimmillaan yleis\u00f6n edess\u00e4 ja he esiintyv\u00e4t monenlaisissa tilaisuuksissa ja tapahtumissa ymp\u00e4ri vuoden. Kotimaisilla kansantanssifestivaaleilla Polokkarit n\u00e4kyv\u00e4t kotimaisen eturivin harrastusryhmien konserteissa. Ovatpa Polokkarit esiintyneet Monacon Prinssi Albertillekin!\u00a0<\/p>\n\n\n\n<p><br>Koronavuoden haasteista johtuen Polokkarit ovat l\u00f6yt\u00e4neet uuden <a href=\"https:\/\/www.youtube.com\/channel\/UC_3fZYd2AN6XB6Mi3wUSsVw\">kanavan esiintymiselleen<\/a> ja sit\u00e4kautta laajentaneet yleis\u00f6\u00e4\u00e4n. <\/p>\n\n\n\n<p><\/p>\n<\/div>\n<\/div>\n\n\n\n<p><\/p>\n","protected":false},"excerpt":{"rendered":"<p>ESIINTYMISET Polokkarit on parhaimmillaan yleis\u00f6n edess\u00e4 ja he esiintyv\u00e4t monenlaisissa tilaisuuksissa ja tapahtumissa ymp\u00e4ri vuoden. Kotimaisilla kansantanssifestivaaleilla Polokkarit n\u00e4kyv\u00e4t kotimaisen eturivin harrastusryhmien konserteissa. Ovatpa Polokkarit esiintyneet Monacon Prinssi Albertillekin!\u00a0 Koronavuoden haasteista johtuen Polokkarit ovat l\u00f6yt\u00e4neet uuden kanavan esiintymiselleen ja sit\u00e4kautta laajentaneet yleis\u00f6\u00e4\u00e4n.<\/p>\n","protected":false},"author":1,"featured_media":0,"parent":34,"menu_order":0,"comment_status":"closed","ping_status":"closed","template":"","meta":{"_genesis_hide_title":false,"_genesis_hide_breadcrumbs":false,"_genesis_hide_singular_image":false,"_genesis_custom_body_class":"","_genesis_custom_post_class":"","_genesis_layout":"","footnotes":""},"class_list":{"0":"post-148","1":"page","2":"type-page","3":"status-publish","5":"entry"},"_links":{"self":[{"href":"https:\/\/www.oulunsuunnuorisoseura.fi\/polokkarit\/wp-json\/wp\/v2\/pages\/148","targetHints":{"allow":["GET"]}}],"collection":[{"href":"https:\/\/www.oulunsuunnuorisoseura.fi\/polokkarit\/wp-json\/wp\/v2\/pages"}],"about":[{"href":"https:\/\/www.oulunsuunnuorisoseura.fi\/polokkarit\/wp-json\/wp\/v2\/types\/page"}],"author":[{"embeddable":true,"href":"https:\/\/www.oulunsuunnuorisoseura.fi\/polokkarit\/wp-json\/wp\/v2\/users\/1"}],"replies":[{"embeddable":true,"href":"https:\/\/www.oulunsuunnuorisoseura.fi\/polokkarit\/wp-json\/wp\/v2\/comments?post=148"}],"version-history":[{"count":3,"href":"https:\/\/www.oulunsuunnuorisoseura.fi\/polokkarit\/wp-json\/wp\/v2\/pages\/148\/revisions"}],"predecessor-version":[{"id":266,"href":"https:\/\/www.oulunsuunnuorisoseura.fi\/polokkarit\/wp-json\/wp\/v2\/pages\/148\/revisions\/266"}],"up":[{"embeddable":true,"href":"https:\/\/www.oulunsuunnuorisoseura.fi\/polokkarit\/wp-json\/wp\/v2\/pages\/34"}],"wp:attachment":[{"href":"https:\/\/www.oulunsuunnuorisoseura.fi\/polokkarit\/wp-json\/wp\/v2\/media?parent=148"}],"curies":[{"name":"wp","href":"https:\/\/api.w.org\/{rel}","templated":true}]}}